= 120. Let b = q - -27. Let m(y) = y**2 + 3*y + 3. What is the remainder when b is divided by m(0)?
0
Let d(f) = -24*f - 563. Calculate the remainder when 640 is divided by d(-28).
95
Suppose -2*p + 27257 = 3*p + 3*b, b = -5*p + 27249. What is the remainder when p is divided by 54?
49
Let j be (-2)/4*(2 - 12). Suppose 0 = -5*t + 15, c - 6*t = -4*t + 18. Suppose -c - 16 = -j*f. Calculate the remainder when f is divided by 6.
2
Let a = 134 + -155. What is the remainder when 64 is divided by (-792)/a - 6/(-21) - 5?
31
Suppose -5*z - 37 = 3*n, -3*z - 17 - 14 = 4*n. Let v be (1 - (2 + -2))*z. Calculate the remainder when 1 + v/3 - 384/(-36) is divided by 4.
2
Let s be (-43 - -40)*(-2 + 2 + 1). What is the remainder when 213 is divided by (23/5 + (s - 0))*15?
21
Calculate the remainder when ((-299)/(-26))/(-3 + (-1756)/(-584)) is divided by 29.
26
Let v = 727 + -712. Calculate the remainder when v is divided by 12.
3
Suppose -12 = -4*p, -5*s - 4*p + 88 = -64. Let t = -301 + 307. Let c(z) = -z**3 + 12*z**2 - 5*z + 8. What is the remainder when c(t) is divided by s?
26
Let d(s) = 2*s**2 + 6*s - 31. Let w = -148 - -197. What is the remainder when w is divided by d(-7)?
24
Suppose 23*b - 4825 = 603. Suppose -5*f + 145 = 3*w, 4*w - 203 = 2*f - 53. What is the remainder when b is divided by w?
36
Let z be 1/(-3) + (-220)/15. Calculate the remainder when 74 is divided by 230/15 - (5 - (-70)/z).
14
Let a be 9/(1*2 - (-210)/(-100)). Let k = a - -98. What is the remainder when 93 is divided by k?
5
Let d = 520 + -438. Suppose -5*p - 5*h + 43 = -d, -4*p - 3*h + 95 = 0. What is the remainder when 57 is divided by p?
17
Suppose -293*d + v + 738 = -289*d, 6*v + 424 = 2*d. Calculate the remainder when d is divided by 2/6 + (-184)/(-6).
27
Let b = 6 + -4. Suppose 2*q - 24 = -b*q. Suppose 0*s + s + 72 = 5*f, 62 = 4*f - 3*s. Calculate the remainder when f is divided by q.
2
Let l be 2/(-2)*3 - -6. Suppose -c + 4*q - 5 = 0, c = -l*c - 3*q + 56. Let x(f) = f + 70. Calculate the remainder when x(-53) is divided by c.
6
Let c(b) = -25*b - 300. Let y = 60 + -54. What is the remainder when c(-14) is divided by y?
2
Suppose 4*h - 108 = 4*o, -117 = -5*h - 3*o + 58. Let b = 118 + -115. Suppose -5*p + 73 = -b*d, d = 1 + 3. Calculate the remainder when h is divided by p.
15
Suppose -w - 2195 = -5*a + 4*w, a = 3*w + 431. Suppose a*t - 496 = 439*t. Calculate the remainder when t is divided by 44.
36
Let h = 341 + -194. Let n = -108 + h. What is the remainder when n is divided by 25?
14
Let z(b) = b**3 - 4*b**2 + 5*b + 2. Let c = -9276 - -9585. Calculate the remainder when c is divided by z(5).
49
Suppose 57*l + 2*l - 2006 = 0. Calculate the remainder when 2853 is divided by l.
31
Let c = 1008 - -14. Suppose c - 17 = 67*x. Suppose 5 = j - 4. What is the remainder when x is divided by j?
6
Let l(n) = 30*n**3 - 6*n**2 + 5*n - 4. Let i be l(2). Suppose -i = -a - 5*a. What is the remainder when 103 is divided by a?
29
Let w(n) = 2*n**3 + 195*n**2 + 83*n - 1263. What is the remainder when w(-97) is divided by ((-6)/(-4))/((-12)/(-128))?
15
Suppose 80*c + 21 = 81*c. Calculate the remainder when 2389 is divided by c.
16
Let g = -37718 + 38590. What is the remainder when g is divided by 168?
32
Suppose -4404 = -23*v + 1599. Suppose -4*y - 36 = -4*c + 96, -2*c - 5*y + 66 = 0. What is the remainder when v is divided by c?
30
Let u(t) = 26 + 8 - 3*t + 5. Let y be u(12). Suppose 9*h - 654 = y*h. Calculate the remainder when h is divided by 16.
13
Let t = -12422 + 13226. What is the remainder when t is divided by 22?
12
Let x(v) = 3*v**2 + 6*v + 2. Let t be x(-3). What is the remainder when 58 is divided by (7/((-21)/20))/(t/(-33))?
18
Calculate the remainder when ((220/(-66))/(6/2589))/(8/(-24)) is divided by 4302.
13
Suppose 527*q + 171 = 546*q. Calculate the remainder when 356 is divided by q.
5
Let j = 175 - 208. Calculate the remainder when 51/1 + j/11 is divided by 25.
23
Suppose -2*r = -k + 222, 2*r - 231 = -k + r. What is the remainder when k is divided by (-33)/18 + (-17433)/(-702)?
21
Let t(j) be the third derivative of -j**4/12 + 29*j**3/6 + 11*j**2. Let y be t(11). Suppose -y*w - 57 = -141. Calculate the remainder when 44 is divided by w.
8
Let g = -65 - -76. Let p be 0 - 2 - (-7 + -1). Suppose -111 = -5*q - 2*d, 4*d - 18 = -p. What is the remainder when q is divided by g?
10
Suppose -943 = 2*i + f, -i - 4*i - 2360 = 2*f. Let g = i + 497. Calculate the remainder when g is divided by 22.
1
Suppose -5*l + 57 = -4*q, -q - 7*l + 12*l = 33. What is the remainder when 101 is divided by 1/(4/q)*23/(-2)?
9
Suppose -5*x - 35 = 5*c, -3*c - 42 = 10*x - 14*x. What is the remainder when (-27)/135 - 322/c is divided by 15?
2
Let q(k) = k**2 + 2*k - 8. Suppose 5*f + 0*f = 95. Suppose -4*j = -f + 43. What is the remainder when 31 is divided by q(j)?
15
Let s(j) = -j**2 + 20*j + 248. What is the remainder when 2430 is divided by s(24)?
150
Suppose a - 5*v = 850, -4*a + 6*a + 5*v = 1775. What is the remainder when a is divided by 16?
11
Suppose -79 = -2*b + 2*v - 19, 3*v = 3. Let l = -199 - -189. What is the remainder when b is divided by l/(-15)*255/10?
14
Let c(o) = -97 + 40 + 50 - 2*o + 32. Calculate the remainder when 31 is divided by c(2).
10
Let r(z) = -15 + 7*z - 71*z + 39*z. Let h be r(-6). Let o = h + -77. What is the remainder when o is divided by 30?
28
Let i(n) = 2*n**2 - 16*n + 19. Let b be i(11). Let c = 143 - b. Let k = c + -55. What is the remainder when 15 is divided by k?
0
Let g = -125 - -238. Let x = -195 + g. Let p = -42 - x. Calculate the remainder when p is divided by 11.
7
Suppose -1699*z + 1609*z + 10530 = 0. Calculate the remainder when 467 is divided by z.
116
Calculate the remainder when ((-4)/6)/(9/(5346/(-4))) is divided by 8/(-3)*-12 + (2 - 0).
31
Suppose -3*c = 3*g - 2*g + 46, 0 = -g + 2*c - 61. Let i(l) = l**3 + 54*l**2 - 58*l - 103. What is the remainder when i(g) is divided by 62?
0
Suppose -5*c - 355 - 190 = 0. Let i = 49 - 258. Let r = c - i. Calculate the remainder when r is divided by 26.
22
What is the remainder when 259 is divided by (-10)/14*(-1505)/30*(-2 + 8)?
44
Let n = -12447 + 12846. What is the remainder when 1437 is divided by n?
240
Let o(j) = j**3 - 6*j**2 + 10*j - 10. Let a be o(4). Let b = 17 + a. Calculate the remainder when 58 is divided by b.
13
Let n = 195 - 110. Suppose u + 4*j - 297 = -19, 5*u - 1885 = 13*j. What is the remainder when u is divided by n?
83
Suppose 161 = 2*i + 3*p, 3*i = -2*i - 5*p + 395. Let h = 50 + -52. Calculate the remainder when i is divided by 13*(6 - (7 + h)).
11
Let t(h) = h**3 - 4*h**2 + 3*h - 4. Let x = -5639 - -5682. What is the remainder when x is divided by t(4)?
3
Suppose 3*j - 1389 = -3*s, -4 = 147*j - 148*j. What is the remainder when s is divided by 33?
30
Suppose 13 = -3*s - 80. Let d = -41 - s. Let h = 58 + d. What is the remainder when h is divided by 13?
9
Suppose 0 = -8*r - 346 - 678. Let d = -102 - r. What is the remainder when 99 is divided by d?
21
Let v(f) = -2*f + 2. Let z be v(-1). Suppose -4*r - 19 = -3*j - 3, -3*j = z*r - 8. Suppose -j*n + 27 = -n. Calculate the remainder when 31 is divided by n.
4
Let t = -61 + 46. Let j be (335/(-25))/(3/t - 0). Suppose 0*n = -3*g - 3*n + 51, 3*g = n + j. What is the remainder when g is divided by 11?
10
Let z(s) = s**2 - 3*s - 6. Let b be z(3). Let c be b/(-15)*10 - 134/1. Let m = 134 + c. Calculate the remainder when 5 is divided by m.
1
Let r(g) = 27*g - 16. Let o be 0/4 + 0 + 6. What is the remainder when r(o) is divided by 25?
21
Let t = -33 + 69. Let x = -54 + t. Let c = x - -60. What is the remainder when 208 is divided by c?
40
Suppose -1915 = -18*h + 677. Suppose -150*v + h*v = -90. Calculate the remainder when 325 is divided by v.
10
Suppose -3*v - 727 = -4*r, 3*r = -0*v + v + 539. Let m = r - 68. Suppose -5*d + 5*b + 100 = 0, b = -3*d + 18 + 26. What is the remainder when m is divided by d?
14
Suppose -75*w + 159674 + 33376 = 68*w. What is the remainder when w is divided by 76?
58
Let k(s) = -s**3 - 15*s**2 - 29*s - 13. Let o(v) = v**3 - 10*v. Let a be o(6). Suppose 5*i = -7*i - a. Calculate the remainder when 103 is divided by k(i).
25
Suppose 1188 = 42*b + 558. What is the remainder when 1314/10 - 6/15 is divided by b?
11
Suppose 3*a - 12 = 5